446133?
5446138
In base 8, what is -16031425 - -13?
-16031412
In base 4, what is 10210 - -101233220?
101310030
In base 5, what is 131314140024 - -1?
131314140030
In base 4, what is -21 - 301101102322?
-301101103003
In base 12, what is -27b - 23b4?
-2673
In base 8, what is -5174777 + 10?
-5174767
In base 5, what is -14231 + -1244330?
-1314111
In base 14, what is c - 319779?
-31976b
In base 16, what is 1e8da + -102?
1e7d8
In base 15, what is -1a76761 + -5?
-1a76766
In base 12, what is -4a8 - 2280?
-2768
In base 9, what is 85552 - 1177?
84364
In base 7, what is 11015356563 + 1?
11015356564
In base 5, what is 0 + 22110433021?
22110433021
In base 3, what is 22200000 - -1010220?
100210220
In base 14, what is 4a9 - 49331?
-48c66
In base 11, what is -7 + -4956860?
-4956867
In base 7, what is 254 - -21212011?
21212265
In base 16, what is 9f - 362d5?
-36236
In base 8, what is -1 - -134211263?
134211262
In base 15, what is -69804d + 5?
-698048
In base 16, what is c35 + -6a8?
58d
In base 15, what is 14234 - -329?
1455d
In base 13, what is -2295b8 - 8?
-2295c3
In base 2, what is -11011111000001100 + 1111111000101?
-11001111001000111
In base 8, what is -4300 + 30317?
24017
In base 9, what is -4127 - 475?
-4613
In base 13, what is -36aa - -4748?
106b
In base 4, what is 203301023203 + 0?
203301023203
In base 13, what is -2c7 + 1771?
1477
In base 4, what is 21310131122 + 13?
21310131201
In base 15, what is -1566206d - -7?
-15662066
In base 14, what is -12a46cab - 3?
-12a46cb0
In base 4, what is -20 + 33030213222110?
33030213222030
In base 12, what is 5225709 + -4?
5225705
In base 12, what is -8a9 + 5301?
4614
In base 13, what is -c18467 - -20?
-c18447
In base 7, what is 551 + 253220?
254101
In base 5, what is -220223332111 + -10?
-220223332121
In base 9, what is -20 + -1148414?
-1148434
In base 7, what is -113066030 - -105?
-113065622
In base 14, what is 2a19345 + -5?
2a19340
In base 7, what is 2 + -121205265?
-121205263
In base 16, what is 18a3 - 7d?
1826
In base 9, what is 27330067 - 2?
27330065
In base 14, what is -1127 + 10c98?
db71
In base 9, what is -126 + -624021?
-624147
In base 10, what is -752150 - -5?
-752145
In base 11, what is -1a17221 + 2?
-1a1721a
In base 5, what is 1 - -12240411304?
12240411310
In base 14, what is -ab76 + 279a?
-83ba
In base 12, what is b6 - 20547?
-20451
In base 9, what is 16308030 - -5?
16308035
In base 5, what is -22 - -1412331212?
1412331140
In base 16, what is -25 + -15d58?
-15d7d
In base 6, what is 0 + 5151511041?
5151511041
In base 11, what is 2 + 6046a954?
6046a956
In base 14, what is -3 - 4c9b92?
-4c9b95
In base 15, what is -1d - -52d82?
52d64
In base 9, what is -311151 - -138?
-311012
In base 6, what is -233200 + 4252?
-224504
In base 8, what is -13561146 - 3?
-13561151
In base 10, what is 18 - 4867828?
-4867810
In base 14, what is 32444d89 - -4?
32444d8d
In base 5, what is -3131431 + 4344?
-3122032
In base 6, what is 402152024 + 4?
402152032
In base 16, what is 4 + 253446?
25344a
In base 16, what is 2f47c - ca?
2f3b2
In base 6, what is 21213 + 5325?
30542
In base 14, what is b5da9 + -6?
b5da3
In base 7, what is -2 - -122243340?
122243335
In base 6, what is 30022 + 3432140?
3502202
In base 5, what is 3323040200 + 10?
3323040210
In base 5, what is 21043 - -2100332?
2121430
In base 4, what is -11 - -132203122110?
132203122033
In base 11, what is -53a09 - -2178?
-51841
In base 11, what is -820 + 1650?
930
In base 2, what is -1001000001010101 - -110101000?
-1000111010101101
In base 2, what is 110010111001101 + -10?
110010111001011
In base 2, what is 11111011 - -11010010111000010?
11010011010111101
In base 5, what is 13131104030 - -2?
13131104032
In base 10, what is -38 + -1793857?
-1793895
In base 10, what is 1105790 - -15?
1105805
In base 6, what is -5 + -12220201?
-12220210
In base 4, what is -2021 + -312131130?
-312133211
In base 3, what is -211102022212 - -2101211?
-211022221001
In base 3, what is -1001211002200 - 2?
-1001211002202
In base 7, what is 1003 - 206654?
-205651
In base 2, what is 100010011 + 110000011111010101101?
110000011111111000000
In base 8, what is 377 + 53645?
54244
In base 16, what is 1288744 + d?
1288751
In base 4, what is -23313001 - -200?
-23312201
In base 9, what is 3734532 + 583?
3735225
In base 16, what is 4a + 2fc760?
2fc7aa
In base 13, what is -6 - 15589a52?
-15589a58
In base 3, what is 10021212020 + 21120?
10022010210
In base 7, what is -2 + -255562436?
-255562441
In base 3, what is -100221001110 + -1220?
-100221010100
In base 3, what is -102122120000220110 - 1?
-102122120000220111
In base 16, what is -792b2 + -173?
-79425
In base 15, what is -db6c0 - 167?
-db837
In base 12, what is -2 - -9bb0391?
9bb038b
In base 6, what is 233121225 - 4?
233121221
In base 16, what is 3758a - -12d?
376b7
In base 9, what is 5 + -223258?
-223253
In base 10, what is -1 - -99553436?
99553435
In base 5, what is 3002420 + -201?
3002214
In base 11, what is 76 - -21a0a32?
21a0aa8
In base 3, what is -1211222111 - -201000?
-1211021111
In base 5, what is 44133211 - 142?
44133014
In base 3, what is -11 - 2010202002021?
-2010202002102
In base 15, what is 7 - -9a91e7?
9a91ee
In base 7, what is 4 - 111301064?
-111301060
In base 13, what is -b + -3b7bbc?
-3b7bca
In base 11, what is 599 + a224?
a812
In base 10, what is -34 + 1872760?
1872726
In base 16, what is -64c2 - 93?
-6555
In base 9, what is -27 + 6668177?
6668150
In base 5, what is -4 - 3201232233?
-3201232242
In base 8, what is 72573 + 20327?
113122
In base 7, what is -2400630 - 2530?
-2403460
In base 9, what is -602616064 - 7?
-602616072
In base 6, what is -322053402 - 1?
-322053403
In base 3, what is -220121020112 + 1120?
-220121011222
In base 14, what is -4dc - -32d26?
32828
In base 12, what is -3 - -273664b?
2736648
In base 7, what is 2 + -53034412?
-53034410
In base 5, what is 430300144 + 103?
430300302
In base 13, what is 5a62 - -9643?
123a5
In base 10, what is 2812 - -38444?
41256
In base 2, what is 10000001011010 - -100000011001?
10100001110011
In base 9, what is 53 + -26852?
-26788
In base 14, what is 9 - -bd51d?
bd528
In base 11, what is 470 + -28a42?
-28582
In base 15, what is -ce - 6958?
-6a37
In base 11, what is 34438 - 402?
34036
In base 4, what is -233320 + -3111023?
-10011003
In base 10, what is -1884 + -715?
-2599
In base 2, what is 11 - -110010100110110000000001?
110010100110110000000100
In base 4, what is -3 - 13300131033130?
-13300131033133
In base 9, what is 4832141 + 1?
4832142
In base 7, what is 26 + -11550526?
-11550500
In base 7, what is -4 - 366534465?
-366534502
In base 10, what is 3 - 643470?
-643467
In base 15, what is d4 - 82bb?
-81d7
In base 10, what is -2 - 180279054?
-180279056
In base 8, what is 11622710 - 1?
11622707
In base 8, what is -3721341 - 167?
-3721530
In base 14, what is -2b167 + -564?
-2b6cb
In base 9, what is 64 - 31713?
-31638
In base 9, what is -1202 - -76537?
75335
In base 9, what is 1423267 + -27?
1423240
In base 7, what is -65000340 + -1?
-65000341
In base 10, what is -193148 + -6?
-193154
In base 15, what is 2 - -5529cec?
5529cee
In base 11, what is -98474 + 2428?
-96047
In base 3, what is 1112 + -1102000010?
-1101221121
In base 4, what is -1212033213110 + 3?
-1212033213101
In base 16, what is -a4 - -1e475?
1e3d1
In base 9, what is 2431 - 158444?
-156013
In base 9, what is 2 - -376533100?
376533102
In base 16, what is -4a74f - -60c?
-4a143
In base 11, what is -2 + 217a12?
217a10
In base 16, what is 9dac + -3c07?
61a5
In base 3, what is -200100102 - -11012121?
-112010211
In base 9, what is -132 + 57846?
57714
In base 4, what is 1 + -32111221020032?
-32111221020031
In base 6, what is 133520332 - -20?
133520352
In base 15, what is 1ab + -4c36a?
-4c1ae
In base 3, what is 110001110121212012 - 0?
110001110121212012
In base 10, what is 387084429 + -3?
387084426
In base 7, what is 1321413 - -45?
1321461
In base 15, what is 7e6b - 14a5?
69b6
In base 14, what is 142722 + 8?
14272a
In base 11, what is -360a994 - 5?
-360a999
In base 4, what is 1 - -10122233021032?
10122233021033
In base 13, what is c44681 + -13?
c4466b
In base 9, what is 340 - 355263?
-354823
In base 6, what is 4351412331 + 0?
4351412331
In base 6, what is 4024535 + 340?
4025315
In base 12, what is -57 - a8a801?
-a8a858
In base 12, what is 1b + -3004295?